e h(5). Let g be ((-425)/(-34))/(1/a). Let d(l) = l**2 + 2*l + 25 + g - 4*l + l**3 - 49. Give d(1).
1
Let d = -5308 - -5332. Let c(w) = 13*w - 301. Give c(d).
11
Let d = -24 - -14. Let i(a) = a**3 + 15*a**2 - 5*a + 4. Let u(c) = -4*c**3 - 63*c**2 + 17*c - 16. Let n(t) = -9*i(t) - 2*u(t). Give n(d).
-14
Let b(i) = 326*i - 662. Let r be b(2). Let v(a) = 9*a + 81. Determine v(r).
-9
Let r(l) = -3*l**3 + 89*l**2 + 34*l - 120. Let x be r(30). Let q(p) be the first derivative of 10/3*p**3 - 17 + 1/2*p**2 + x*p. Determine q(-1).
9
Suppose 806*j = 398*j + 380*j. Suppose 0 = -l - 1 - 0. Let p(v) = -v**2 + 1. Let g(d) = -7*d**2 + d + 10. Let r(i) = l*g(i) + 6*p(i). Calculate r(j).
-4
Let c(w) = w**3 - 157 + 54 + 56 + 46 - 2*w**3 + 36*w. Determine c(6).
-1
Let i(v) be the second derivative of 0 + 5/2*v**2 - 7/6*v**3 + 1/2*v**4 - 1/20*v**5 - v. Let k be 60/24*6/(-5) + (-8)/(-1). Determine i(k).
-5
Let n(x) = 3*x**3 + 5*x**2 - 12*x + 4. Let w(k) = 32*k - 191. Let y be w(6). Let d(t) = -t**3 + t**2 + 2*t - 1. Let h(q) = y*n(q) + 2*d(q). What is h(-8)?
2
Let w(t) be the third derivative of -7*t**6/60 + t**4/24 - t**3/3 - 1008*t**2. What is w(1)?
-15
Let s(k) = -k**2 - 155*k - 5654. Let y be s(-96). Let h(f) = -f**3 + 10*f**2 + 7*f - 74. Give h(y).
-4
Let s(w) = -w**3 + w. Let n(x) = 3*x**2 - x + 2. Let i = 472 + -473. Let b(j) = i*s(j) - n(j). Let t be 2*(-1)/(-2) + 1. What is b(t)?
-6
Suppose 47*u = 149*u - 190 - 728. Let i(q) = -q**3 + 8*q**2 + 3*q + 2. Calculate i(u).
-52
Let a(y) be the first derivative of -y**3/3 + 2*y**2 + 1. Let p be 86/20 - (0 - (-162)/540). Determine a(p).
0
Let q(x) = -x + 10. Suppose -5*p + w = -366, 88 = p + 2*w + 6. Suppose -p*a + 67*a = -21. What is q(a)?
7
Suppose 4*v = -5*l + v + 16, -2*v = -2*l. Let n(z) be the first derivative of -5*z**2/2 + 2*z + 1. Calculate n(l).
-8
Suppose 0*h = 3*h - 6. Suppose 756 = 83*l - 13*l + 14*l. Let s(o) = 1 + l*o**2 + 5*o + o**3 - 2*o**h + 2 + 3. Calculate s(-6).
12
Let u(g) = -2 + 6*g - 21*g + 9*g. Let v = 75 - 73. What is u(v)?
-14
Let r(l) = -9*l + 4 + 4 + 2*l**2 - 1 - 1 + 9. Calculate r(6).
33
Let s(o) = -12 - 32*o + o + 47*o - 4*o**2 + 3*o**2. Let v = -1157 + 1172. Give s(v).
3
Let g(z) = -2*z**2 + 4*z + 2. Let m(l) = -3*l**2 + 59*l + 48. Let w(u) = 2*g(u) - m(u). What is w(-50)?
6
Suppose 0 = 2*q - 5*w + 4, 0 = 4*w. Let m be (q/(-3) - 140/(-42)) + 3. Suppose 2*p - 5*k = -m, -3*p + 1 = -2*p + 2*k. Let t(a) = -8*a**3. Give t(p).
8
Suppose 164*b = 61*b + 1030. Let a(c) = 372*c - 2*c**2 + c**3 + 6 - 365*c - 9*c**2. Calculate a(b).
-24
Let m = 15 - -28. Suppose 47 - m = p. Suppose -b = 2*v + 2*v - 19, 0 = p*b - 3*v + 19. Let w(i) = -9*i**3 - 2*i**2 - 2*i - 1. Determine w(b).
8
Let s(b) be the first derivative of -b**4/4 + 2*b**3 - 2*b**2 + 5*b + 5256. What is s(5)?
10
Let b(s) = -5*s + 1. Let y be (0 + 1)*(-18 + 18). Suppose 14 = -2*h - 4*x, -h + x + y*x + 8 = 0. What is b(h)?
-14
Let c(n) = -2 - 2 - 4*n + 2*n. Let s(u) = 152*u + 24315. Let r be s(-160). Calculate c(r).
6
Suppose -3*a = -5*v + 2*v, v - 4 = 2*a. Let w be ((-16)/12)/(v/3 - -1). Let u(q) = -3*q + 2. Give u(w).
-10
Let a be -9*(4/(-3))/(-4) + 6. Let c = 4 + a. Let b(n) = 16*n**2 + c*n - 15*n**2 + 6 + 3*n. Give b(-10).
6
Suppose -292 = -4*f - 4*s - 252, 0 = -4*f + 3*s + 19. Let p(w) = -w**2 + 27*w - 137. Determine p(f).
3
Suppose 12 = 3*n + 3*c, 4*n + 3*c + 0*c = 17. Let t(y) be the second derivative of -y**3 - 3*y**2 + 93*y. Calculate t(n).
-36
Let s(x) = 2*x - 7. Let q(r) = -r**3 + 14*r**2 + 17*r - 25. Let f be q(15). Suppose -5*y - 4*p + 20 = 0, f*y - 4*p + 3 = -17. Determine s(y).
-7
Let z(u) = 16*u**2 + 9*u + 9. Let t(x) = -17*x**2 - 10*x - 11. Let f(b) = -4*t(b) - 5*z(b). Calculate f(-1).
-8
Let i = 130 - 110. Let w be (-18)/(-15)*i/8. Let j(v) be the second derivative of -v**5/20 + v**4/4 - v**3/3 + 3*v**2/2 - v. What is j(w)?
-3
Let l(n) be the third derivative of n**4/24 - 2*n**3/3 + n**2. Suppose -v = 5*t + 2*v - 35, 3*t - v - 21 = 0. Suppose 0 = 34*g + t*g - 123. Calculate l(g).
-1
Let b(i) = 73 - 19254*i + 38527*i - 19245*i. Calculate b(-4).
-39
Let d(h) = -h + 1. Let m(r) = 4*r - 10. Let x(s) = 6*d(s) + m(s). Suppose 0 = -19*q + 2 + 66 + 8. What is x(q)?
-12
Let l(y) = -y**3 + 7*y**2 + 10*y - 6. Suppose 3*v + 144 = -5*m + 8*m, 0 = -v. Let h be (-12)/m + (-49)/(-4) + -4. What is l(h)?
10
Suppose -4*j + 24 = 5*y - 7, -3*y + 13 = j. Let k(v) be the first derivative of 6*v - 4/3*v**3 + 1/4*v**4 - 3/2*v**2 + 152. What is k(j)?
-6
Let y(o) be the third derivative of o**4/24 - 8*o**3/3 - o**2 - 5116. Give y(33).
17
Let s(m) = m**3 + 9*m**2 + 7*m - 2. Let w(y) be the third derivative of 1/24*y**4 + 0 + 0*y - 33*y**2 - 2*y**3. Let z be w(4). Give s(z).
6
Let l(q) = 7*q**2 - 41*q - 20. Let h(m) = -13*m**2 + 78*m + 38. Let j(o) = -6*h(o) - 11*l(o). Give j(17).
-8
Let f(i) = i. Suppose 3*t = s - 0*s - 11, 0 = -4*s - 5*t - 7. Let n(d) = 2*d. Let x be n(s). Suppose -4*z - k - 24 = z, 4*z = x*k - 24. Calculate f(z).
-5
Suppose 2 = -j - 4. Let t(q) be the third derivative of -4/3*q**3 - 27 - 1/12*q**4 + 0*q + q**2. Give t(j).
4
Suppose 2*y + 12 = 2. Let u(i) be the second derivative of -1 + 5/6*i**3 - 18*i + 7/2*i**2 + 5/12*i**4 + 1/20*i**5. What is u(y)?
-18
Let i(s) be the first derivative of -s**2/2 - 40*s + 4301. Determine i(-18).
-22
Let c(j) = -8412*j**3 + 11 - 5*j**2 - 2 + 8413*j**3 - 4*j. Calculate c(6).
21
Suppose -151*f = 7*f - 1087 + 139. Let v(g) = 5*g**2 - 2 - 6 + 6*g + 3*g - g**3. What is v(f)?
10
Let w(p) be the second derivative of 0*p**2 + 0*p**3 + 5 + 5*p + 1/12*p**4. Determine w(2).
4
Let v(z) = 33*z - 496. Let r be v(15). Let p(w) = -6*w**3 + 5*w**2 + 6*w + 5. Let n(u) = 5*u**3 - 4*u**2 - 5*u - 4. Let q(m) = -5*n(m) - 4*p(m). What is q(r)?
0
Let d(j) = 117*j**3 - 5*j**2 - 22*j + 95. Let g(p) = 37*p**3 - 3*p**2 - 7*p + 32. Let r(q) = 6*d(q) - 19*g(q). Determine r(27).
-11
Let m(z) be the second derivative of -z**6/720 + 5*z**4/12 + z. Let f(p) be the third derivative of m(p). Suppose -4*c = -65 + 77. What is f(c)?
3
Let i(k) be the first derivative of -9*k**2/2 - 18*k + 79. Let n(r) = 3*r + 6. Let a(q) = 3*i(q) + 8*n(q). Let j be (-2)/6 - 28/6. What is a(j)?
9
Let m(r) = -r - 6. Suppose 5*k - 3*d = 180, -2*k + 2*d = -0*k - 68. Let v be k/9 + 2/(-6). Suppose 0 = -4*s - 16 + v. Determine m(s).
-3
Let q(s) = s + 5. Let f(d) = 1. Let a(o) = -2*o - 9. Let x be 10/3*(-9)/6. Let k(w) = x*f(w) + a(w). Let n(b) = -3*k(b) - 8*q(b). Calculate n(-7).
16
Suppose 4*n + 124 = -340. Let a = n + 117. Let p(c) be the third derivative of c**6/60 + c**3/6 + 3*c**2. Calculate p(a).
3
Let c(u) = u + 56*u**2 - 48*u**2 + 2*u - 5*u**2 - 31. What is c(-8)?
137
Let m(y) = -1 + y**2 + y**2 - 8*y**2 + 2*y. Let k(z) = 147*z + 357. Let p be k(-9). Let x = 967 + p. What is m(x)?
-5
Let a be 50/(-6) - ((-72)/(-27) + -3). Let o(l) = l**2 + 7*l - 12. Determine o(a).
-4
Let n(p) = p - 3. Suppose -5*m + 2*t + 16 = 0, m + 0*t = -t - 1. Suppose -5*j - 3*f = -55, 0 = m*j + 3*f + 2*f - 41. Determine n(j).
5
Let i(m) = -m**2 + 2*m - 3. Let t be (-4)/(-6) + (-4433)/(-33). Let d = t - 139. Determine i(d).
-27
Let l(f) = -10 + 176*f - 515*f - 8 + 163*f + 163*f. Give l(3).
-57
Suppose 0 = -5*f - 0 + 5. Let r(n) = 3*n**2 + 7*n**3 - 5 - 12*n - 3*n**2 + 6 + 276*n - 266*n. Give r(f).
6
Suppose -14 = -f + 2*l, 2*f + 51*l = 49*l - 8. Let r(a) be the second derivative of 1/2*a**2 - 2*a - 1/12*a**4 + 1/6*a**3 + 0. What is r(f)?
-1
Let x(n) = -n**3 - 7*n**2 - 4*n + 5. Let b be x(-6). Let u(h) be the second derivative of 4/3*h**3 + 1/2*h**2 + 24*h - 1/20*h**5 + 0 - 1/2*h**4. What is u(b)?
-6
Let x(o) be the third derivative of 0*o + 0 - o**2 - 1/120*o**6 + 1/10*o**5 - 1/6*o**3 + 5/24*o**4. Let u(g) = 12*g - 17. Let l be u(2). What is x(l)?
-15
Let t(q) = 12*q + q**2 - 7 - 2*q + 0*q**2 - 1. Suppose 3*b + 30 = -w, -2*b = -3*b + w - 10. Determine t(b).
-8
Let q be 5 + 2 + -3 - (18 - (1 + 11)). Let w(h) = -3*h - 8. What is w(q)?
-2
Suppose -g + 7 + 9 = 3*r, 8 = 3*r - g. Let n(v) be the first derivative of -2*v**3/3 + 5*v**2/2 - 6*v - 696. Calculate n(r).
-18
Let w(x) be the third derivative of 4*x + 1/6*x**3 + 1/12*x**4 + 0 + 2/15*x**5 - x**2. Give w(-1).
7
Suppose -2*f + 27 = 1. Suppose -r + 6*y = 3*y + 3, -4*y = -3*r + 1. Let q(w) = 0*w**3 + 3*w**2 + w - 14*w**r + f*